 2128169412 a multiple of 13868?
True
Is 577 a factor of 12136041?
True
Is 73 a factor of 49090310?
True
Is 3667884032 a multiple of 20?
False
Does 297 divide 30114611?
False
Is 425202357 a multiple of 69?
True
Is 481 a factor of 395235403?
False
Does 224 divide 31070368?
True
Is 24 a factor of 576423096?
True
Is 5434830038 a multiple of 7650?
False
Does 4069 divide 1184555073?
True
Does 416 divide 2681606?
False
Is 78181747 even?
False
Does 216 divide 28212624?
True
Does 9 divide 27771606?
True
Does 5539 divide 240010409?
True
Is 3819848230 a multiple of 7647?
False
Does 7 divide 800256513?
True
Does 67 divide 6633603?
True
Is 8709 a factor of 673519224?
True
Does 826 divide 76773396?
True
Is 35 a factor of 21312655?
True
Is 7 a factor of 27870276?
True
Is 16 a factor of 3739840?
True
Does 19 divide 52752968?
True
Is 303 a factor of 17777010?
True
Does 468 divide 22422912?
False
Is 2072 a factor of 132193600?
True
Does 101 divide 240456733?
False
Is 5435754 a multiple of 521?
False
Is 334839160 a multiple of 1915?
False
Does 4 divide 355719900?
True
Is 7226 a factor of 405306340?
True
Does 20 divide 61410660?
True
Is 3 a factor of 155172192?
True
Does 8 divide 53931231?
False
Does 3335 divide 599002685?
True
Is 205 a factor of 1708610015?
True
Is 1797300 a multiple of 1008?
False
Is 467732953 a multiple of 742?
False
Is 62 a factor of 231990422?
True
Is 76 a factor of 7005331464?
True
Is 2306362 a multiple of 73?
True
Is 21 a factor of 106385919?
False
Is 1860 a factor of 114546240?
True
Is 386362585 a multiple of 843?
False
Does 678 divide 17966322?
True
Is 435 a factor of 288636289?
False
Is 1830 a factor of 2029470?
True
Is 260 a factor of 105042714?
False
Is 175 a factor of 35554575?
True
Is 786504288 a multiple of 766?
True
Is 915254834 a multiple of 13?
True
Does 129 divide 37266017?
False
Is 32 a factor of 108260000?
True
Is 24 a factor of 5060030328?
True
Is 781316305 a multiple of 7777?
True
Is 912918 a multiple of 1200?
False
Is 18 a factor of 222856872?
False
Does 61 divide 9562322?
False
Is 8 a factor of 8288643?
False
Is 48719378 a multiple of 862?
True
Is 622 a factor of 1793595126?
False
Is 16 a factor of 535713264?
True
Is 50040232 a multiple of 592?
False
Is 53243882 a multiple of 25?
False
Is 1216308656 a multiple of 136?
True
Does 3 divide 13689821?
False
Does 23 divide 52147555?
True
Does 12 divide 58534920?
True
Is 4084063412 a multiple of 52?
True
Does 49 divide 49001015?
False
Is 370 a factor of 37688350?
False
Is 989339728 a multiple of 3602?
True
Is 43 a factor of 13392952?
True
Does 282 divide 7459703?
False
Does 386 divide 552636763?
False
Is 509896417 a multiple of 25?
False
Is 243 a factor of 87330798?
True
Is 114778840 a multiple of 3651?
False
Does 561 divide 7221753?
True
Is 33 a factor of 2554299?
True
Does 60 divide 273573151?
False
Is 259697712 a multiple of 3298?
True
Is 7 a factor of 3381938?
True
Does 7602 divide 739201913?
False
Is 12684949 a multiple of 555?
False
Does 1163 divide 59210656?
True
Is 138827065 a multiple of 283?
True
Is 162806688 a multiple of 544?
True
Does 14 divide 23982300?
False
Does 2733 divide 175622699?
False
Is 173288628 a multiple of 6?
True
Is 33249990 a multiple of 626?
True
Is 1662 a factor of 128866494?
True
Is 13135862 a multiple of 6?
False
Is 67 a factor of 971419266?
False
Is 482427402 a multiple of 6?
True
Is 4183114544 a multiple of 28?
True
Is 19 a factor of 73765866?
True
Does 61 divide 65877377?
True
Is 2 a factor of 31691864?
True
Is 2563357 a multiple of 598?
False
Is 59 a factor of 57307227?
False
Is 19 a factor of 56684021?
False
Is 605357529 a multiple of 1407?
True
Does 356 divide 3087249088?
True
Does 52 divide 21510944?
True
Is 2665509 a multiple of 28?
False
Does 732 divide 120559894?
False
Is 33 a factor of 19951777?
False
Is 20 a factor of 169704420?
True
Does 830 divide 26989042?
False
Is 363 a factor of 1314464575?
False
Does 66 divide 5364291504?
True
Is 633007449 a multiple of 277?
False
Does 60 divide 46752420?
True
Does 65 divide 275769715?
True
Is 176 a factor of 40896211?
False
Is 755 a factor of 202340?
True
Is 132969889 a multiple of 15?
False
Is 423433095 a multiple of 15?
True
Is 514944406 a multiple of 3134?
True
Is 280450236 a multiple of 22?
True
Does 342 divide 22946784?
False
Does 21 divide 700909356?
True
Is 735 a factor of 44786815?
False
Is 3246321 a multiple of 57?
True
Does 504 divide 168285799?
False
Is 3 a factor of 4079737?
False
Is 475895636 a multiple of 2919?
False
Is 1226940120 a multiple of 1442?
True
Does 4 divide 5652652?
True
Is 1676 a factor of 67784144?
True
Is 8 a factor of 111105139?
False
Is 520351149 a multiple of 69?
True
Is 31 a factor of 4452379?
False
Does 41 divide 254895957?
False
Is 35357106 a multiple of 67?
True
Is 28733665 a multiple of 25?
False
Is 23600635 a multiple of 83?
True
Is 3409898130 a multiple of 8490?
True
Does 32 divide 307040032?
True
Is 632 a factor of 140996672?
True
Is 19 a factor of 133682157?
True
Is 18464475 a multiple of 18?
False
Is 2454 a factor of 1119178602?
True
Does 634 divide 65271568?
True
Is 2952 a factor of 2512326176?
False
Is 8965 a factor of 1065776004?
False
Is 183 a factor of 13719838?
False
Does 1064 divide 12574076?
False
Is 351089269 a multiple of 2?
False
Is 1073070726 a multiple of 14?
True
Is 17048592 a multiple of 376?
True
Is 279369582 a multiple of 13?
False
Does 4 divide 9220576?
True
Does 20 divide 98521072?
False
Is 406971067 a multiple of 20?
False
Is 2942 a factor of 2890124962?
False
Does 6070 divide 395944246?
False
Is 37 a factor of 345243670?
True
Does 6 divide 66876660?
True
Does 1027 divide 182645788?
True
Does 635 divide 23304982?
False
Is 64900576 a multiple of 52?
True
Does 330 divide 4494538620?
True
Is 163 a factor of 2264703744?
True
Does 99 divide 4433038568?
False
Does 24 divide 148382738?
False
Is 435674847 a multiple of 6238?
False
Is 44994600 a multiple of 6?
True
Does 42 divide 4798005?
False
Is 12 a factor of 55706735?
False
Does 89 divide 98946448?
False
Is 64077212 a multiple of 1636?
True
Is 56458732 a multiple of 23?
False
Does 36 divide 516601208?
False
Is 72516992 a multiple of 115?
False
Is 136061107 a multiple of 8?
False
Is 12940986 a multiple of 25?
False
Is 1103212390 a multiple of 586?
True
Is 240180255 a multiple of 135?
True
Is 5976867 a multiple of 14?
False
Is 2 a factor of 22751552?
True
Is 13280399 a multiple of 346?
False
Is 4154934606 a multiple of 34?
True
Is 270110785 a multiple of 145?
True
Is 4642906392 a multiple of 648?
True
Does 1371 divide 520406022?
False
Is 61213473 a multiple of 3327?
True
Is 2765669209 a multiple of 10567?
True
Is 1062502912 a multiple of 64?
True
Is 29 a factor of 16288169?
True
Is 47963847 a multiple of 701?
False
Is 3845096369 a multiple of 73?
True
Is 162 a factor of 181921140?
True
Is 66 a factor of 185803721?
False
Is 12891483 a multiple of 6?
False
Is 6900014 a multiple of 33?
False
Is 1883352827 a multiple of 31?
True
Does 129 divide 49650423?
True
Is 57022350 a multiple of 15?
True
Is 19 a factor of 43770777?
False
Is 474186358 a multiple of 1828?
False
Is 7 a factor of 4164783?
True
Is 714359100 a multiple of 9100?
True
Is 16137000 a multiple of 4?
True
Does 2628 divide 770957964?
True
Is 239675102 a multiple of 14?
False
Does 74 divide 282231782?
True
Is 275510911 a multiple of 1343?
False
Is 884825295 a multiple of 1239?
False
Is 394 a factor of 842994914?
True
Does 17 divide 52497334?
False
Is 12 a factor of 15698592?
True
Is 90 a factor of 22904331?
False
Does 48 divide 64789765?
False
Does 2471 divide 1862963501?
True
Does 3 divide 2353533?
True
Is 990866493 a multiple of 27?
True
Is 407520131 a multiple of 1512?
False
Is 8 a factor of 5591776?
True
Is 38 a factor of 77996784?
False
Is 4056 a factor of 1012034494?
False
Is 2197798 a multiple of 4?
False
Is 9188 a factor of 292801780?
False
Is 10 a factor of 26768810?
True
Does 20 divide 696080580?
True
Is 1314299158 a multiple of 9?
False
Does 5 divide 6739604?
False
Is 897327653 a multiple of 302?
False
Is 768 a factor of 280636416?
True
Is 1733 a factor of 2389673559?
True
Does 45 divide 21363746?
False
Does 68 divide 1122129200?
True
Does 578 divide 507803666?
False
Is 1759 a factor of 1215875?
False
Does 5023 divide 